 of 488261?
488261
List the prime factors of 98517.
3, 32839
What are the prime factors of 13547816?
2, 59, 28703
List the prime factors of 317587.
317587
What are the prime factors of 20592991?
53, 101, 3847
List the prime factors of 5692961.
29, 109, 1801
List the prime factors of 207257.
207257
List the prime factors of 134556.
2, 3, 11213
What are the prime factors of 9169227?
3, 339601
List the prime factors of 911731.
29, 149, 211
What are the prime factors of 4035103?
17, 97, 2447
List the prime factors of 227875.
5, 1823
What are the prime factors of 2425650?
2, 3, 5, 103, 157
List the prime factors of 13017059.
11, 179, 601
List the prime factors of 2765480.
2, 5, 47, 1471
What are the prime factors of 1834200?
2, 3, 5, 1019
What are the prime factors of 220691?
199, 1109
List the prime factors of 397791.
3, 1637
List the prime factors of 331726.
2, 47, 3529
List the prime factors of 417399.
3, 139133
What are the prime factors of 1346522?
2, 41, 16421
What are the prime factors of 135383?
37, 3659
What are the prime factors of 147546?
2, 3, 7, 1171
What are the prime factors of 120533?
7, 67, 257
List the prime factors of 3724051.
3724051
What are the prime factors of 486255?
3, 5, 7, 11, 421
What are the prime factors of 382153?
401, 953
What are the prime factors of 2696440?
2, 5, 67411
List the prime factors of 23674774.
2, 23, 514669
What are the prime factors of 14072681?
7, 113, 17791
What are the prime factors of 1027999?
7, 146857
What are the prime factors of 202294?
2, 41, 2467
List the prime factors of 449119.
11, 40829
What are the prime factors of 15761996?
2, 3940499
What are the prime factors of 420670?
2, 5, 23, 31, 59
What are the prime factors of 535628?
2, 359, 373
List the prime factors of 35136156.
2, 3, 11, 266183
List the prime factors of 6228681.
3, 17, 122131
List the prime factors of 3663335.
5, 13, 56359
What are the prime factors of 285071?
285071
List the prime factors of 74209.
74209
List the prime factors of 5483128.
2, 7, 179, 547
List the prime factors of 4305933.
3, 101, 1579
What are the prime factors of 85020?
2, 3, 5, 13, 109
What are the prime factors of 4361655?
3, 5, 313, 929
List the prime factors of 12779967.
3, 31, 131, 1049
List the prime factors of 180946.
2, 90473
What are the prime factors of 2858336?
2, 13, 6871
What are the prime factors of 2859770?
2, 5, 285977
List the prime factors of 44627.
11, 4057
What are the prime factors of 604027?
17, 35531
List the prime factors of 4607079.
3, 769, 1997
What are the prime factors of 89961?
3, 157, 191
List the prime factors of 272541.
3, 90847
What are the prime factors of 9424482?
2, 3, 43, 36529
List the prime factors of 2088736.
2, 13, 5021
List the prime factors of 27216526.
2, 1163, 11701
List the prime factors of 496042.
2, 248021
List the prime factors of 590175.
3, 5, 43, 61
List the prime factors of 228511.
228511
List the prime factors of 2257057.
11, 205187
What are the prime factors of 28496?
2, 13, 137
What are the prime factors of 20067936?
2, 3, 7, 29863
What are the prime factors of 48488?
2, 11, 19, 29
What are the prime factors of 10218365?
5, 2043673
What are the prime factors of 291560?
2, 5, 37, 197
List the prime factors of 21155491.
7, 199, 15187
What are the prime factors of 266229?
3, 29581
List the prime factors of 167638.
2, 79, 1061
List the prime factors of 4697327.
4697327
List the prime factors of 20313206.
2, 10156603
List the prime factors of 195452.
2, 131, 373
What are the prime factors of 1156940?
2, 5, 57847
What are the prime factors of 308425?
5, 13, 73
What are the prime factors of 452433?
3, 23, 79, 83
List the prime factors of 71318.
2, 13, 211
List the prime factors of 1925509.
1925509
What are the prime factors of 821935?
5, 164387
What are the prime factors of 4223428?
2, 11, 95987
What are the prime factors of 15264932?
2, 3816233
List the prime factors of 2693671.
2693671
List the prime factors of 24134327.
7, 1217, 2833
List the prime factors of 565580.
2, 5, 28279
What are the prime factors of 16187313?
3, 53, 101807
List the prime factors of 8419512.
2, 3, 29, 12097
List the prime factors of 5698922.
2, 2849461
What are the prime factors of 410903?
410903
What are the prime factors of 328231?
383, 857
What are the prime factors of 178345?
5, 53, 673
What are the prime factors of 136061?
359, 379
List the prime factors of 13086235.
5, 2617247
What are the prime factors of 564657?
3, 37, 5087
What are the prime factors of 255953?
311, 823
What are the prime factors of 303322?
2, 43, 3527
What are the prime factors of 682768?
2, 139, 307
List the prime factors of 39465719.
61, 646979
List the prime factors of 2665496.
2, 333187
List the prime factors of 211959.
3, 11, 2141
What are the prime factors of 84417?
3, 19, 1481
List the prime factors of 2768771.
41, 67531
List the prime factors of 3413822.
2, 29, 71, 829
What are the prime factors of 26270?
2, 5, 37, 71
What are the prime factors of 30214?
2, 15107
What are the prime factors of 22697048?
2, 11, 257921
List the prime factors of 188833.
188833
What are the prime factors of 1740870?
2, 3, 5, 23, 29
What are the prime factors of 1173321?
3, 130369
What are the prime factors of 623972?
2, 47, 3319
What are the prime factors of 495355?
5, 7, 14153
List the prime factors of 2509514.
2, 7, 79, 2269
List the prime factors of 19430938.
2, 67, 145007
What are the prime factors of 1812485?
5, 89, 4073
List the prime factors of 142262.
2, 83, 857
What are the prime factors of 2857150?
2, 5, 57143
What are the prime factors of 1318759?
13, 61, 1663
What are the prime factors of 664739?
664739
List the prime factors of 284387.
284387
List the prime factors of 10427586.
2, 3, 13, 43, 3109
List the prime factors of 2000656.
2, 7, 17863
List the prime factors of 3326004.
2, 3, 11, 37, 227
List the prime factors of 1017947.
7, 31, 4691
What are the prime factors of 8219600?
2, 5, 20549
What are the prime factors of 4846445?
5, 17, 23, 37, 67
What are the prime factors of 4627813?
109, 42457
List the prime factors of 5311246.
2, 2655623
What are the prime factors of 3834383?
7, 547769
List the prime factors of 1317494.
2, 41, 16067
What are the prime factors of 809460?
2, 3, 5, 1499
List the prime factors of 656484.
2, 3, 227, 241
What are the prime factors of 17283571?
263, 65717
What are the prime factors of 5538900?
2, 3, 5, 37, 499
List the prime factors of 6172328.
2, 89, 8669
What are the prime factors of 5132092?
2, 7, 183289
List the prime factors of 15769032.
2, 3, 79, 8317
What are the prime factors of 1547870?
2, 5, 154787
What are the prime factors of 25842653?
1381, 18713
List the prime factors of 361585.
5, 7, 10331
What are the prime factors of 1463756?
2, 7, 61, 857
What are the prime factors of 126203?
7, 11, 149
What are the prime factors of 469259?
7, 43, 1559
What are the prime factors of 39705?
3, 5, 2647
List the prime factors of 124768.
2, 7, 557
What are the prime factors of 837675?
3, 5, 17, 73
List the prime factors of 1432804.
2, 358201
List the prime factors of 6230319.
3, 37, 41
What are the prime factors of 4844742?
2, 3, 7, 31, 61
What are the prime factors of 6616838?
2, 53, 62423
What are the prime factors of 1230380?
2, 5, 61519
List the prime factors of 208244.
2, 79, 659
What are the prime factors of 654514?
2, 7, 46751
What are the prime factors of 327745?
5, 11, 59, 101
List the prime factors of 155351.
7, 22193
List the prime factors of 28510350.
2, 3, 5, 11, 37, 467
List the prime factors of 6244251.
3, 13, 29, 5521
What are the prime factors of 4141893?
3, 7, 197233
What are the prime factors of 184496?
2, 13, 887
What are the prime factors of 3462613?
7, 11, 193, 233
List the prime factors of 6171662.
2, 7, 383, 1151
List the prime factors of 891356.
2, 222839
What are the prime factors of 1358961?
3, 67, 6761
List the prime factors of 2453514.
2, 3, 7, 58417
List the prime factors of 14143171.
7, 1301, 1553
List the prime factors of 8589428.
2, 479, 4483
What are the prime factors of 70916?
2, 17729
List the prime factors of 1292078.
2, 646039
What are the prime factors of 737102?
2, 368551
List the prime factors of 217319.
217319
List the prime factors of 337963.
41, 8243
What are the prime factors of 39122